+ -3254ad?
-3254aa
In base 7, what is -4 - -104100365?
104100361
In base 7, what is 4136445510 + -3?
4136445504
In base 5, what is -2134 - -24004041?
24001402
In base 10, what is 399537 - 21?
399516
In base 15, what is -5cbc9 - -57?
-5cb72
In base 11, what is -2291845 + -1?
-2291846
In base 2, what is 1000011100001010010 - -101001?
1000011100001111011
In base 13, what is -6 - 1a756?
-1a75c
In base 9, what is -30 - 10448457?
-10448487
In base 13, what is -2b + 7c92c?
7c901
In base 16, what is -57 + -4e377e?
-4e37d5
In base 14, what is -26b5c4 - -3?
-26b5c1
In base 7, what is 1 - -42640351?
42640352
In base 14, what is ba8 - -1920?
26c8
In base 14, what is 39c1360 + 0?
39c1360
In base 16, what is 0 + -242befa?
-242befa
In base 10, what is 45659 + -99?
45560
In base 14, what is 69b37c - -5?
69b383
In base 16, what is 10c3f - -279?
10eb8
In base 13, what is 872a541c + -5?
872a5417
In base 11, what is -45760 - 159?
-45909
In base 15, what is 3d932d + b?
3d9339
In base 13, what is 3b1b + 29b?
40b9
In base 6, what is -10301033 - -52?
-10300541
In base 15, what is 3 - 689959?
-689956
In base 3, what is -2010120200201021 + -1?
-2010120200201022
In base 3, what is 1102000021101 + 10002?
1102000101110
In base 9, what is -646 - -75455?
74708
In base 5, what is 3440032110424 - -3?
3440032110432
In base 7, what is 3 - -53451663?
53451666
In base 8, what is 45705707 + 2?
45705711
In base 12, what is -3a4 - -1147?
963
In base 7, what is -22 - 11253212?
-11253234
In base 6, what is -443501320 + 110?
-443501210
In base 16, what is -3 - a5017?
-a501a
In base 15, what is 418 + 1a45?
1e5d
In base 2, what is -10011010001 + 1001110110100000001?
1001110100000110000
In base 12, what is 2 - 903596?
-903594
In base 13, what is 169c664 - 3?
169c661
In base 9, what is 156 - -2548672?
2548838
In base 5, what is -224041 - -3002041?
2223000
In base 2, what is 10001010000 - 10001001001000?
-1110111111000
In base 8, what is -304161121 - 4?
-304161125
In base 5, what is 24341310234 + -2?
24341310232
In base 14, what is -14 + -b24163?
-b24177
In base 11, what is 950 + 51?
9a1
In base 15, what is ac0 + -463?
65c
In base 10, what is -291915 - 18?
-291933
In base 9, what is 5 + -12045210?
-12045204
In base 2, what is -10111110101111100001100 + 100?
-10111110101111100001000
In base 14, what is -11317d + -10?
-11318d
In base 16, what is 0 + -e8141a?
-e8141a
In base 10, what is -1 + 44877049?
44877048
In base 12, what is -5316712 + 4?
-531670a
In base 2, what is 10100000000 - 10100101110110?
-10010001110110
In base 12, what is -7 + -79b584?
-79b58b
In base 16, what is 5 + -76c5cd?
-76c5c8
In base 5, what is -41111 - -31?
-41030
In base 11, what is -261a + 27a9?
18a
In base 2, what is 11110010011010001000100 - -11111?
11110010011010001100011
In base 13, what is -4 + -1c93c68?
-1c93c6c
In base 13, what is 1c + -a812bc?
-a812a0
In base 4, what is 1213032030222 - 331?
1213032023231
In base 8, what is 41415 - -6421?
50036
In base 11, what is 112674 - 46?
112629
In base 10, what is 0 + -67925129?
-67925129
In base 16, what is 29d - 6be59?
-6bbbc
In base 6, what is 5142400 + 22?
5142422
In base 5, what is -13414002242 + -2?
-13414002244
In base 11, what is 374650 + 238?
374888
In base 9, what is -4 - 15480012?
-15480016
In base 15, what is d3dd58e + 1?
d3dd590
In base 12, what is 182b64b + -3?
182b648
In base 14, what is 23 + 243d74?
243d97
In base 4, what is 2101 - -220231223?
220233330
In base 4, what is 2021300030 - 13?
2021300011
In base 10, what is 1153126 - -2?
1153128
In base 11, what is -161315 + -17?
-161331
In base 10, what is 4572803 - -198?
4573001
In base 7, what is 26 - -136333?
136362
In base 15, what is -39018d + -2?
-390190
In base 3, what is 1 + 20102012100111?
20102012100112
In base 15, what is -1be4b8d - -1?
-1be4b8c
In base 4, what is -2112231 + 1031022?
-1021203
In base 12, what is -1 + -27a4b088?
-27a4b089
In base 11, what is 1a - 479181?
-479162
In base 8, what is -1264245 + -563?
-1265030
In base 12, what is -b6b - -12?
-b59
In base 9, what is -217547 - -2635?
-214812
In base 12, what is 97 - 12219?
-12142
In base 10, what is -566256 - 524?
-566780
In base 6, what is -15124515 + -110?
-15125025
In base 12, what is 1 - 13633843?
-13633842
In base 8, what is 624523557 + 4?
624523563
In base 11, what is -4 + -12a8a267?
-12a8a270
In base 4, what is -13322321 + -210?
-13323131
In base 6, what is 1045310 - 111?
1045155
In base 16, what is -36b5 - -923?
-2d92
In base 14, what is 778 - -392?
b2a
In base 15, what is 37a + 4d2?
85c
In base 16, what is -2 - 2c9e44?
-2c9e46
In base 6, what is -140502025 - 3?
-140502032
In base 15, what is 21c380d + -13?
21c37ea
In base 10, what is 4025 - 13639?
-9614
In base 8, what is 6031646 - -14?
6031662
In base 11, what is 15724 + -518?
15207
In base 12, what is -3559023b - 2?
-35590241
In base 13, what is 24c + 335b1a?
336069
In base 8, what is -461 + 2004547?
2004066
In base 16, what is -3 - 871dd?
-871e0
In base 13, what is 631383b + 2?
6313840
In base 10, what is -10 - 268428?
-268438
In base 13, what is c14a7 + -2b?
c1479
In base 5, what is 204112 - -13341234?
14100401
In base 4, what is -12200323 - 3021?
-12210010
In base 9, what is 3235012 + -5?
3235006
In base 3, what is 2110001 + -2221120012?
-2212010011
In base 16, what is -5 + -1235f7a?
-1235f7f
In base 5, what is -4 - -122442331330?
122442331321
In base 13, what is 838 + 56c?
10a7
In base 6, what is 5 + -1412205000?
-1412204551
In base 14, what is 396740b - -8?
3967415
In base 15, what is -11abc9a5 - -2?
-11abc9a3
In base 14, what is 13964731 + -5?
1396472a
In base 6, what is -2134154 - -302?
-2133452
In base 9, what is 106 + -100408?
-100302
In base 10, what is -441 - 23310?
-23751
In base 14, what is 128287 + 199?
128442
In base 2, what is 101 + 1000110110010110111000?
1000110110010110111101
In base 13, what is 873 + 1243?
1ab6
In base 7, what is 4 + -3234224042?
-3234224035
In base 16, what is 2fcdeb7 + -5?
2fcdeb2
In base 5, what is -21240 + 2322420?
2301130
In base 2, what is 10011110001010101001011101111 - -100?
10011110001010101001011110011
In base 9, what is 11 + -1663410?
-1663388
In base 11, what is 1 - -2367957?
2367958
In base 15, what is -22 - -4674?
4652
In base 16, what is 2 + -76bd14?
-76bd12
In base 3, what is 1211122001220 + -22?
1211122001121
In base 11, what is 68925a + 3?
689262
In base 4, what is 1031 + 2212123213?
2212130310
In base 12, what is 14 + -182817?
-182803
In base 11, what is a190 - -3a155?
49335
In base 13, what is -91 - 3c3a2?
-3c463
In base 8, what is 17420656 - 17?
17420637
In base 9, what is -2 - 1675225?
-1675227
In base 3, what is -1120120121 - 2100211?
-1122221102
In base 10, what is -106 + -90313?
-90419
In base 8, what is -1217513 - 473?
-1220206
In base 7, what is 6353504 + -621?
6352553
In base 10, what is -228548645 + 2?
-228548643
In base 3, what is -10101112022200 - 2?
-10101112022202
In base 7, what is -653462 + 230?
-653232
In base 6, what is 5320 + -302111?
-252351
In base 7, what is 163013001 + -5?
163012663
In base 14, what is 4 - -a8d81c?
a8d822
In base 9, what is 41521874 + 2?
41521876
In base 7, what is 13522 + -1342605?
-1326053
In base 4, what is -131322212 - 121?
-131322333
In base 3, what is -10020 + 21000000211000?
21000000200210
In base 16, what is 3f0c - b50?
33bc
In base 5, what is 1332141010 - -10?
1332141020
In base 4, what is -10 + -10132300?
-10132310
In base 2, what is 11010101000010011001011100 + 10?
11010101000010011001011110
In base 12, what is -6b42 + 6758?
-3a6
In base 12, what is 993737 - 22?
993715
In base 14, what is -22d9 + 217?
-20c2
In base 15, what is -37 + 163903d?
1639006
In base 15, what is 7ea5a + 18?
7ea73
In base 11, what is 4049558 - a2?
4049466
In base 7, what is 14 + 335426?
335443
In base 16, what is -5 + 532b68?
532b63
In base 16, what is 43d78 - c5?
43cb3
In base 8, what is -247601 - 62?
-247663
In base 4, what is -1120332 + -13132?
-1200130
In base 11, what is -11868 - -85?
-11793
In base 12, what is 534a + 913?
6061
In base 6, what is 5 + 1545544215?
1545544224
In base 11, what is 2680 + 31332?
33a02
In base 11, what is 1104 - -113091?
114195
In base 6, what is -24042355 + 104?
-24042251
In base 9, what is -7158301 - -4?
-7158286
In base 15, what is 15 - 14a459?
-14a444
In base 16